{"id":15817,"date":"2026-01-22T15:57:34","date_gmt":"2026-01-22T18:57:34","guid":{"rendered":"https:\/\/supermichi.cl\/?post_type=product&#038;p=15817"},"modified":"2026-01-22T16:00:25","modified_gmt":"2026-01-22T19:00:25","slug":"alimento-cat-chow-8-kg","status":"publish","type":"product","link":"https:\/\/old.supermichi.cl\/staging\/producto\/alimento-cat-chow-8-kg\/","title":{"rendered":"Alimento Cat Chow 8 Kg"},"content":{"rendered":"<p>En Mundotito, te presentamos PURINA\u00ae CAT CHOW\u00ae Delimix, el alimento premium que tu gato necesita para mantenerse en la mejor forma posible. Esta f\u00f3rmula innovadora est\u00e1 dise\u00f1ada para ofrecer una nutrici\u00f3n completa y equilibrada, esencial para la vitalidad y el bienestar general de tu felino.<\/p>\n<p>La nueva f\u00f3rmula de PURINA\u00ae CAT CHOW\u00ae Delimix incluye DEFENSE PLUS, un complejo exclusivo que fortalece las defensas naturales de tu gato. Con 3 fuentes de prote\u00edna de alta calidad\u2014pollo, salm\u00f3n y carne de res\u2014este alimento asegura que tu gato obtenga los nutrientes necesarios para mantener una salud \u00f3ptima y una energ\u00eda vibrante. La combinaci\u00f3n de prote\u00ednas ayuda a desarrollar y mantener una masa muscular magra, promoviendo una vida activa y saludable.<\/p>\n<p>Con un an\u00e1lisis garantizado que incluye un alto contenido de prote\u00edna bruta (32%) y grasa bruta (11%), este alimento ofrece un equilibrio perfecto para apoyar la vitalidad de tu gato. La f\u00f3rmula tambi\u00e9n contiene un contenido controlado de fibra (3.5%) para una digesti\u00f3n eficiente y niveles equilibrados de minerales para fortalecer huesos y dientes.<\/p>\n<p>Los ingredientes seleccionados, como ma\u00edz, harina de subproductos de pollo, harina de salm\u00f3n y grasas naturales, proporcionan un sabor delicioso que tu gato disfrutar\u00e1 en cada bocado. La adici\u00f3n de taurina y una mezcla de vitaminas esenciales refuerzan la salud ocular y el bienestar general, asegurando que tu felino se mantenga feliz y saludable.<\/p>\n<p>No pierdas la oportunidad de darle a tu gato la mejor nutrici\u00f3n disponible. Visita Mundotito y compra PURINA\u00ae CAT CHOW\u00ae Delimix hoy mismo para asegurarte de que tu felino reciba el cuidado que merece. \u00a1Dale a tu gato el impulso que necesita para una vida llena de energ\u00eda y salud!<\/p>\n","protected":false},"excerpt":{"rendered":"<p>En Mundotito, te presentamos PURINA\u00ae CAT CHOW\u00ae Delimix, el alimento premium que tu gato necesita para mantenerse en la mejor forma posible. Esta f\u00f3rmula innovadora est\u00e1 dise\u00f1ada para ofrecer una nutrici\u00f3n completa y equilibrada, esencial para la vitalidad y el bienestar general de tu felino. La nueva f\u00f3rmula de PURINA\u00ae CAT CHOW\u00ae Delimix incluye DEFENSE [&hellip;]<\/p>\n","protected":false},"featured_media":15849,"comment_status":"open","ping_status":"closed","template":"","meta":{"inline_featured_image":false},"product_cat":[212],"product_tag":[],"class_list":{"0":"post-15817","1":"product","2":"type-product","3":"status-publish","4":"has-post-thumbnail","6":"product_cat-alimento-para-gato","7":"product_shipping_class-alimento","9":"first","10":"outofstock","11":"shipping-taxable","12":"purchasable","13":"product-type-variable"},"tiered_pricing_type":"fixed","tiered_pricing_fixed_rules":[],"tiered_pricing_percentage_rules":[],"tiered_pricing_minimum":1,"tiered_pricing_roles_data":[],"_links":{"self":[{"href":"https:\/\/old.supermichi.cl\/staging\/wp-json\/wp\/v2\/product\/15817","targetHints":{"allow":["GET"]}}],"collection":[{"href":"https:\/\/old.supermichi.cl\/staging\/wp-json\/wp\/v2\/product"}],"about":[{"href":"https:\/\/old.supermichi.cl\/staging\/wp-json\/wp\/v2\/types\/product"}],"replies":[{"embeddable":true,"href":"https:\/\/old.supermichi.cl\/staging\/wp-json\/wp\/v2\/comments?post=15817"}],"version-history":[{"count":1,"href":"https:\/\/old.supermichi.cl\/staging\/wp-json\/wp\/v2\/product\/15817\/revisions"}],"predecessor-version":[{"id":15850,"href":"https:\/\/old.supermichi.cl\/staging\/wp-json\/wp\/v2\/product\/15817\/revisions\/15850"}],"wp:featuredmedia":[{"embeddable":true,"href":"https:\/\/old.supermichi.cl\/staging\/wp-json\/wp\/v2\/media\/15849"}],"wp:attachment":[{"href":"https:\/\/old.supermichi.cl\/staging\/wp-json\/wp\/v2\/media?parent=15817"}],"wp:term":[{"taxonomy":"product_cat","embeddable":true,"href":"https:\/\/old.supermichi.cl\/staging\/wp-json\/wp\/v2\/product_cat?post=15817"},{"taxonomy":"product_tag","embeddable":true,"href":"https:\/\/old.supermichi.cl\/staging\/wp-json\/wp\/v2\/product_tag?post=15817"}],"curies":[{"name":"wp","href":"https:\/\/api.w.org\/{rel}","templated":true}]}}